{"id":7519,"date":"2017-06-07T06:00:19","date_gmt":"2017-06-07T06:00:19","guid":{"rendered":"http:\/\/erey.fr\/?page_id=7519"},"modified":"2020-10-11T10:48:51","modified_gmt":"2020-10-11T08:48:51","slug":"about-me","status":"publish","type":"page","link":"https:\/\/erey.fr\/en\/about-me\/","title":{"rendered":"About Me"},"content":{"rendered":"<div data-vc-full-width=\"true\" data-vc-full-width-init=\"false\" class=\"vc_row wpb_row vc_row-fluid dt-sc-dark-bg vc_custom_1524230248406 vc_row-o-full-height vc_row-o-columns-middle vc_row-flex\"><div class=\"wpb_column vc_column_container vc_col-sm-6\"><div class=\"vc_column-inner\"><div class=\"wpb_wrapper\"><\/div><\/div><\/div><div class=\"wpb_column vc_column_container vc_col-sm-6\"><div class=\"vc_column-inner\"><div class=\"wpb_wrapper\">\r\n\t<div class=\"wpb_text_column wpb_content_element  wpb_animate_when_almost_visible wpb_fadeInUp fadeInUp aligncenter\" >\r\n\t\t<div class=\"wpb_wrapper\">\r\n\t\t\t<p style=\"text-align: center;\"><div class='dt-sc-title with-two-border'><h2>EREY - Artist painter<\/h2><\/div>\n\r\n\t\t<\/div>\r\n\t<\/div>\r\n<h2 style=\"text-align: left;font-family:Playfair Display;font-weight:400;font-style:normal\" class=\"vc_custom_heading\">The universe and the strength of a small painting can upset a life.<\/h2>\r\n\t<div class=\"wpb_text_column wpb_content_element  wpb_animate_when_almost_visible wpb_fadeInUpBig fadeInUpBig\" >\r\n\t\t<div class=\"wpb_wrapper\">\r\n\t\t\t<h3>This is what happened in mine at the age of seven at the UNTERLINDEN Museum in COLMAR. My heart was smitten with the melancholy of Lucas Cranach the Elder. Oil on wood below.<\/h3>\n\r\n\t\t<\/div>\r\n\t<\/div>\r\n\n\t<div  class=\"wpb_single_image wpb_content_element vc_align_left  wpb_animate_when_almost_visible wpb_zoomInDown zoomInDown\">\n\t\t\n\t\t<figure class=\"wpb_wrapper vc_figure\">\n\t\t\t<div class=\"vc_single_image-wrapper   vc_box_border_grey\"><img width=\"300\" height=\"155\" src=\"https:\/\/erey.fr\/wp-content\/uploads\/2018\/03\/La-M\u00e9lancolie-de-Lucas-Cranach-300x155.jpg\" class=\"vc_single_image-img attachment-medium\" alt=\"\" loading=\"lazy\" srcset=\"https:\/\/erey.fr\/wp-content\/uploads\/2018\/03\/La-M\u00e9lancolie-de-Lucas-Cranach-300x155.jpg 300w, https:\/\/erey.fr\/wp-content\/uploads\/2018\/03\/La-M\u00e9lancolie-de-Lucas-Cranach.jpg 567w\" sizes=\"(max-width: 300px) 100vw, 300px\" \/><\/div><figcaption class=\"vc_figure-caption\">La M\u00e9lancolie de Lucas Cranach (1532).<\/figcaption>\n\t\t<\/figure>\n\t<\/div>\n\r\n\t<div class=\"wpb_text_column wpb_content_element  wpb_animate_when_almost_visible wpb_fadeInDown fadeInDown\" >\r\n\t\t<div class=\"wpb_wrapper\">\r\n\t\t\t<h3>A l\u2019\u00e2ge de 13 ans alors que je dessinais \u00e0 longueur de journ\u00e9e, j\u2019ai pass\u00e9 la porte de l\u2019atelier de peinture de mon grand-p\u00e8re Valentin Tomaszewski et j\u2019ai commenc\u00e9 une peinture sur un morceau de carton. Il est entr\u00e9 et m\u2019a dit \u00ab\u00a0je n\u2019ai jamais rien vu de tel, continue c\u2019est bien,\u00a0Louloute\u00a0\u00bb\u00a0!<\/h3>\n\r\n\t\t<\/div>\r\n\t<\/div>\r\n\r\n\t<div class=\"wpb_text_column wpb_content_element  wpb_animate_when_almost_visible wpb_fadeInDown fadeInDown\" >\r\n\t\t<div class=\"wpb_wrapper\">\r\n\t\t\t<h3>Since, I paint (acrylic, oil painting, collage, pigment) self-taught curious, I realize series of paintings in universes where abstraction meets energetic shapes and colors.<\/h3>\n\r\n\t\t<\/div>\r\n\t<\/div>\r\n\r\n\t<div class=\"wpb_text_column wpb_content_element  wpb_animate_when_almost_visible wpb_fadeInDown fadeInDown\" >\r\n\t\t<div class=\"wpb_wrapper\">\r\n\t\t\t<h3>During my visual commercial communication training in NEGOCIA, I had the pleasure of doing a year as a free auditor at the LOUVRE where I was in harmony with my first passion\u00a0:\"Painting\".<br \/>\nOnce I graduated as a visual designer, I worked and I always continued to paint despite the vagaries of life.<br \/>\nJe mets une part de mon \u00e2me dans mes toiles. Je suis \u00e0 la recherche de formes et de couleurs qui me transcendent. J\u2019esp\u00e8re vous faire partager l\u2019univers d\u2019une autre dimension.<\/h3>\n<h3>With Love<\/h3>\n\r\n\t\t<\/div>\r\n\t<\/div>\r\n<h2 style=\"text-align: left;font-family:Shadows Into Light;font-weight:400;font-style:normal\" class=\"vc_custom_heading wpb_animate_when_almost_visible wpb_fadeInUp fadeInUp\">Lisa Rey<\/h2><\/div><\/div><\/div><\/div><div class=\"vc_row-full-width vc_clearfix\"><\/div><!-- Row Backgrounds --><div class=\"upb_bg_img\" data-ultimate-bg=\"url(https:\/\/erey.fr\/wp-content\/uploads\/2018\/04\/Erey-Artiste-Peintre-Seyssins3-1905x960.jpg)\" data-image-id=\"id^15138|url^http:\/\/erey.fr\/wp-content\/uploads\/2018\/04\/Erey-Artiste-Peintre-Seyssins3-1905x960.jpg|caption^null|alt^null|title^Erey-Artiste-Peintre-Seyssins3-1905x960|description^null\" data-ultimate-bg-style=\"vcpb-default\" data-bg-img-repeat=\"no-repeat\" data-bg-img-size=\"cover\" data-bg-img-position=\"\" data-parallx_sense=\"30\" data-bg-override=\"0\" data-bg_img_attach=\"fixed\" data-upb-overlay-color=\"\" data-upb-bg-animation=\"\" data-fadeout=\"\" data-bg-animation=\"left-animation\" data-bg-animation-type=\"h\" data-animation-repeat=\"repeat\" data-fadeout-percentage=\"30\" data-parallax-content=\"\" data-parallax-content-sense=\"30\" data-row-effect-mobile-disable=\"true\" data-img-parallax-mobile-disable=\"true\" data-rtl=\"false\"  data-custom-vc-row=\"\"  data-vc=\"5.2\"  data-is_old_vc=\"\"  data-theme-support=\"\"   data-overlay=\"false\" data-overlay-color=\"\" data-overlay-pattern=\"\" data-overlay-pattern-opacity=\"\" data-overlay-pattern-size=\"\"    ><\/div>","protected":false},"excerpt":{"rendered":"EREY - Artiste Peintre \" L\u2019univers et la force d\u2019un petit tableau peut bouleverser une vie. \" C\u2019est ce qui s\u2019est pass\u00e9 dans la mienne \u00e0 l\u2019\u00e2ge de sept ans au mus\u00e9e UNTERLINDEN \u00e0 COLMAR. Mon c\u0153ur s\u2019est \u00e9pris de la M\u00e9lancolie de Lucas Cranach l\u2019Ancien. Huile sur bois ci-dessous. La M\u00e9lancolie de Lucas Cranach [...]","protected":false},"author":1,"featured_media":0,"parent":0,"menu_order":0,"comment_status":"closed","ping_status":"closed","template":"","meta":[],"_links":{"self":[{"href":"https:\/\/erey.fr\/en\/wp-json\/wp\/v2\/pages\/7519"}],"collection":[{"href":"https:\/\/erey.fr\/en\/wp-json\/wp\/v2\/pages"}],"about":[{"href":"https:\/\/erey.fr\/en\/wp-json\/wp\/v2\/types\/page"}],"author":[{"embeddable":true,"href":"https:\/\/erey.fr\/en\/wp-json\/wp\/v2\/users\/1"}],"replies":[{"embeddable":true,"href":"https:\/\/erey.fr\/en\/wp-json\/wp\/v2\/comments?post=7519"}],"version-history":[{"count":70,"href":"https:\/\/erey.fr\/en\/wp-json\/wp\/v2\/pages\/7519\/revisions"}],"predecessor-version":[{"id":15379,"href":"https:\/\/erey.fr\/en\/wp-json\/wp\/v2\/pages\/7519\/revisions\/15379"}],"wp:attachment":[{"href":"https:\/\/erey.fr\/en\/wp-json\/wp\/v2\/media?parent=7519"}],"curies":[{"name":"wp","href":"https:\/\/api.w.org\/{rel}","templated":true}]}}

<div data-vc-full-width="true" data-vc-full-width-init="false" class="vc_row wpb_row vc_row-fluid dt-sc-dark-bg vc_custom_1524230248406 vc_row-o-full-height vc_row-o-columns-middle vc_row-flex"><div class="wpb_column vc_column_container vc_col-sm-6"><div class="vc_column-inner"><div class="wpb_wrapper"></div></div></div><div class="wpb_column vc_column_container vc_col-sm-6"><div class="vc_column-inner"><div class="wpb_wrapper">
	<div class="wpb_text_column wpb_content_element  wpb_animate_when_almost_visible wpb_fadeInUp fadeInUp aligncenter" >
		<div class="wpb_wrapper">
			<p style="text-align: center;"><div class='dt-sc-title with-two-border'><h2>EREY - Artist painter</h2></div>

		</div>
	</div>
<h2 style="text-align: left;font-family:Playfair Display;font-weight:400;font-style:normal" class="vc_custom_heading">The universe and the strength of a small painting can upset a life.</h2>
	<div class="wpb_text_column wpb_content_element  wpb_animate_when_almost_visible wpb_fadeInUpBig fadeInUpBig" >
		<div class="wpb_wrapper">
			<h3>This is what happened in mine at the age of seven at the UNTERLINDEN Museum in COLMAR. My heart was smitten with the melancholy of Lucas Cranach the Elder. Oil on wood below.</h3>

		</div>
	</div>

	<div  class="wpb_single_image wpb_content_element vc_align_left  wpb_animate_when_almost_visible wpb_zoomInDown zoomInDown">
		
		<figure class="wpb_wrapper vc_figure">
			<div class="vc_single_image-wrapper   vc_box_border_grey"><img width="300" height="155" src="https://erey.fr/wp-content/uploads/2018/03/La-Mélancolie-de-Lucas-Cranach-300x155.jpg" class="vc_single_image-img attachment-medium" alt="" loading="lazy" srcset="https://erey.fr/wp-content/uploads/2018/03/La-Mélancolie-de-Lucas-Cranach-300x155.jpg 300w, https://erey.fr/wp-content/uploads/2018/03/La-Mélancolie-de-Lucas-Cranach.jpg 567w" sizes="(max-width: 300px) 100vw, 300px" /></div><figcaption class="vc_figure-caption">La Mélancolie de Lucas Cranach (1532).</figcaption>
		</figure>
	</div>

	<div class="wpb_text_column wpb_content_element  wpb_animate_when_almost_visible wpb_fadeInDown fadeInDown" >
		<div class="wpb_wrapper">
			<h3>A l’âge de 13 ans alors que je dessinais à longueur de journée, j’ai passé la porte de l’atelier de peinture de mon grand-père Valentin Tomaszewski et j’ai commencé une peinture sur un morceau de carton. Il est entré et m’a dit « je n’ai jamais rien vu de tel, continue c’est bien, Louloute » !</h3>

		</div>
	</div>

	<div class="wpb_text_column wpb_content_element  wpb_animate_when_almost_visible wpb_fadeInDown fadeInDown" >
		<div class="wpb_wrapper">
			<h3>Since, I paint (acrylic, oil painting, collage, pigment) self-taught curious, I realize series of paintings in universes where abstraction meets energetic shapes and colors.</h3>

		</div>
	</div>

	<div class="wpb_text_column wpb_content_element  wpb_animate_when_almost_visible wpb_fadeInDown fadeInDown" >
		<div class="wpb_wrapper">
			<h3>During my visual commercial communication training in NEGOCIA, I had the pleasure of doing a year as a free auditor at the LOUVRE where I was in harmony with my first passion :"Painting".<br />
Once I graduated as a visual designer, I worked and I always continued to paint despite the vagaries of life.<br />
Je mets une part de mon âme dans mes toiles. Je suis à la recherche de formes et de couleurs qui me transcendent. J’espère vous faire partager l’univers d’une autre dimension.</h3>
<h3>With Love</h3>

		</div>
	</div>
<h2 style="text-align: left;font-family:Shadows Into Light;font-weight:400;font-style:normal" class="vc_custom_heading wpb_animate_when_almost_visible wpb_fadeInUp fadeInUp">Lisa Rey</h2></div></div></div></div><div class="vc_row-full-width vc_clearfix"></div><!-- Row Backgrounds --><div class="upb_bg_img" data-ultimate-bg="url(https://erey.fr/wp-content/uploads/2018/04/Erey-Artiste-Peintre-Seyssins3-1905x960.jpg)" data-image-id="id^15138|url^http://erey.fr/wp-content/uploads/2018/04/Erey-Artiste-Peintre-Seyssins3-1905x960.jpg|caption^null|alt^null|title^Erey-Artiste-Peintre-Seyssins3-1905x960|description^null" data-ultimate-bg-style="vcpb-default" data-bg-img-repeat="no-repeat" data-bg-img-size="cover" data-bg-img-position="" data-parallx_sense="30" data-bg-override="0" data-bg_img_attach="fixed" data-upb-overlay-color="" data-upb-bg-animation="" data-fadeout="" data-bg-animation="left-animation" data-bg-animation-type="h" data-animation-repeat="repeat" data-fadeout-percentage="30" data-parallax-content="" data-parallax-content-sense="30" data-row-effect-mobile-disable="true" data-img-parallax-mobile-disable="true" data-rtl="false"  data-custom-vc-row=""  data-vc="5.2"  data-is_old_vc=""  data-theme-support=""   data-overlay="false" data-overlay-color="" data-overlay-pattern="" data-overlay-pattern-opacity="" data-overlay-pattern-size=""    ></div>

EREY - Artiste Peintre " L’univers et la force d’un petit tableau peut bouleverser une vie. " C’est ce qui s’est passé dans la mienne à l’âge de sept ans au musée UNTERLINDEN à COLMAR. Mon cœur s’est épris de la Mélancolie de Lucas Cranach l’Ancien. Huile sur bois ci-dessous. La Mélancolie de Lucas Cranach [...]
