{"id":14769,"date":"2018-03-30T14:16:20","date_gmt":"2018-03-30T12:16:20","guid":{"rendered":"http:\/\/erey.fr\/?page_id=14769"},"modified":"2020-11-05T19:47:45","modified_gmt":"2020-11-05T18:47:45","slug":"page-daccueil","status":"publish","type":"page","link":"https:\/\/erey.fr\/en\/","title":{"rendered":"Page d&rsquo;accueil"},"content":{"rendered":"<div class=\"vc_row wpb_row vc_row-fluid\"><div class=\"wpb_column vc_column_container vc_col-sm-12\"><div class=\"vc_column-inner\"><div class=\"wpb_wrapper\">\r\n\t<div class=\"wpb_text_column wpb_content_element  aligncenter\" >\r\n\t\t<div class=\"wpb_wrapper\">\r\n\t\t\t<p style=\"text-align: center;\"><div class='dt-sc-title with-two-border'><h2>EREY-Artiste Peintre<\/h2><\/div>\n\r\n\t\t<\/div>\r\n\t<\/div>\r\n<h3 style=\"text-align: center\" class=\"vc_custom_heading wpb_animate_when_almost_visible wpb_fadeInUp fadeInUp\">\"L\u2019univers et la force d\u2019un petit tableau peut bouleverser une vie.\"<br \/>\n<\/h3><h3 style=\"text-align: left\" class=\"vc_custom_heading wpb_animate_when_almost_visible wpb_fadeIn fadeIn\">With my sensibilities and my imagination, I created a universe. When I paint a canvas, there is always another dimension, it's like I was not alone to achieve. There is a very spiritual aspect in my relationship to my creations.<\/p>\n<p>Je r\u00e9alise mes croquis \u00e0 l\u2019aquarelle, seuls un ou deux croquis sur une vingtaine deviennent mes mod\u00e8les que j\u2019adapte au calibre de la toile. Il m\u2019arrive aussi de cr\u00e9er une toile sans esquisse, c\u2019est le cas pour le tableau \u00ab La femme Hydre \u00bb que j\u2019ai peint sans mod\u00e8le.<\/p>\n<p>Je recherche dans la cr\u00e9ation l\u2019\u00e9quilibre entre les \u00e9nergies que r\u00e9v\u00e8lent les couleurs et les formes qui je l\u2019esp\u00e8re apportent une certaine po\u00e9sie.<\/h3><div class='dt-sc-hr-invisible-medium'> <\/div><\/div><\/div><\/div><\/div><div class=\"vc_row wpb_row vc_row-fluid aligncenter vc_row-o-content-middle vc_row-flex\"><div class=\"wpb_column vc_column_container vc_col-sm-12\"><div class=\"vc_column-inner\"><div class=\"wpb_wrapper\"><div class='dt-sc-title with-two-border aligncenter'><h2>Recent Post<\/h2><\/div><div class='tpl-blog-holder apply-isotope'><div class='column dt-sc-one-third first'><article id=\"post-15405\" class=\"blog-entry  format-standard post-15405 post type-post status-publish hentry category-photography tag-exposition-du-25-juillet-2020-au-14-aout-2020\"><div class=\"entry-details\">\t<div class=\"entry-meta\">\t\t<div class=\"date\">Posted on 01 Aug 2020\t\t<\/div>\t\t<div class=\"comments\">\/ <a class=\"comments\" href=\"https:\/\/erey.fr\/en\/vernissage-a-barbizon\/\/#respond\">\t<i class=\"pe-icon pe-chat\"><\/i> 0  Comments<\/a>\t\t<\/div>\t\t<div class=\"author\">\t\t\t\/ <i class=\"pe-icon pe-user\"> <\/i>\t\t\t<a href=\"https:\/\/erey.fr\/en\/author\/admin\/\">admin<\/a>\t\t<\/div>\t<\/div>\t<div class=\"entry-title\">\t\t<h4><a href=\"https:\/\/erey.fr\/en\/vernissage-a-barbizon\/\">VERNISSAGE \u00e0 BARBIZON<\/a><\/h4>\t<\/div><div class=\"entry-body\"><\/div>\t<div class=\"entry-meta-data\"><p class=\"tags\">\t<i class=\"pe-icon pe-ticket\"> <\/i><a href=\"https:\/\/erey.fr\/en\/tag\/exposition-du-25-juillet-2020-au-14-aout-2020\/\">Exposition du 25 juillet 2020 au 14 ao\u00fbt 2020<\/a><\/p><p class=\"category\">\t<i class=\"pe-icon pe-network\"> <\/i><a href=\"https:\/\/erey.fr\/en\/category\/photography\/\">photography<\/a><\/p>\t<\/div><a href=\"https:\/\/erey.fr\/en\/vernissage-a-barbizon\/\" target='_self' title='' class='dt-sc-button   small icon-right with-icon  filled  type1' > Lire la suite <span class='fa fa-long-arrow-right'> <\/span><\/a><\/div><\/article><\/div><div class='column dt-sc-one-third'><article id=\"post-15374\" class=\"blog-entry  format-standard post-15374 post type-post status-publish has-post-thumbnail hentry category-painting tag-acrylique-sur-toile-de-jute-et-pigments\"><div class=\"entry-thumb\">\t<a href=\"https:\/\/erey.fr\/en\/le-violet-sinvite\/\"><img width=\"2875\" height=\"2901\" src=\"https:\/\/erey.fr\/wp-content\/uploads\/2018\/08\/Le-violet-sinvite.jpg\" class=\"attachment-full size-full wp-post-image\" alt=\"\" loading=\"lazy\" srcset=\"https:\/\/erey.fr\/wp-content\/uploads\/2018\/08\/Le-violet-sinvite.jpg 2875w, https:\/\/erey.fr\/wp-content\/uploads\/2018\/08\/Le-violet-sinvite-150x150.jpg 150w, https:\/\/erey.fr\/wp-content\/uploads\/2018\/08\/Le-violet-sinvite-297x300.jpg 297w, https:\/\/erey.fr\/wp-content\/uploads\/2018\/08\/Le-violet-sinvite-768x775.jpg 768w, https:\/\/erey.fr\/wp-content\/uploads\/2018\/08\/Le-violet-sinvite-1015x1024.jpg 1015w, https:\/\/erey.fr\/wp-content\/uploads\/2018\/08\/Le-violet-sinvite-600x605.jpg 600w, https:\/\/erey.fr\/wp-content\/uploads\/2018\/08\/Le-violet-sinvite-100x100.jpg 100w\" sizes=\"(max-width: 2875px) 100vw, 2875px\" \/><\/a>\t<div class=\"entry-format hidden\">\t\t<a class=\"ico-format\" href=\"\"><\/a>\t<\/div><\/div><div class=\"entry-details\">\t<div class=\"entry-meta\">\t\t<div class=\"date\">Posted on 06 Aug 2018\t\t<\/div>\t\t<div class=\"comments\">\/ <a class=\"comments\" href=\"https:\/\/erey.fr\/en\/le-violet-sinvite\/\/#respond\">\t<i class=\"pe-icon pe-chat\"><\/i> 0  Comments<\/a>\t\t<\/div>\t\t<div class=\"author\">\t\t\t\/ <i class=\"pe-icon pe-user\"> <\/i>\t\t\t<a href=\"https:\/\/erey.fr\/en\/author\/admin\/\">admin<\/a>\t\t<\/div>\t<\/div>\t<div class=\"entry-title\">\t\t<h4><a href=\"https:\/\/erey.fr\/en\/le-violet-sinvite\/\">Le Violet s&rsquo;invite<\/a><\/h4>\t<\/div><div class=\"entry-body\"><p>\u00a0J&rsquo;ai le d\u00e9sir de faire sortir les formes organiques du fond d\u00e9fini pour qu&rsquo;elles s&rsquo;offrent la libert\u00e9 du mouvement. Une nouvelle couleur s&rsquo;invite l\u2019Am\u00e9thyste, elle apporte clart\u00e9 d&rsquo;esprit. Est-ce que la sagesse n&rsquo;est pas de sortir du cadre \u00e9tabli...<\/p><\/div>\t<div class=\"entry-meta-data\"><p class=\"tags\">\t<i class=\"pe-icon pe-ticket\"> <\/i><a href=\"https:\/\/erey.fr\/en\/tag\/acrylique-sur-toile-de-jute-et-pigments\/\">Acrylique sur toile de jute et pigments<\/a><\/p><p class=\"category\">\t<i class=\"pe-icon pe-network\"> <\/i><a href=\"https:\/\/erey.fr\/en\/category\/painting\/\">painting<\/a><\/p>\t<\/div><a href=\"https:\/\/erey.fr\/en\/le-violet-sinvite\/\" target='_self' title='' class='dt-sc-button   small icon-right with-icon  filled  type1' > Lire la suite <span class='fa fa-long-arrow-right'> <\/span><\/a><\/div><\/article><\/div><div class='column dt-sc-one-third'><article id=\"post-15228\" class=\"blog-entry  format-standard post-15228 post type-post status-publish has-post-thumbnail hentry category-sketch tag-acrylique-sur-toile-avec-pigments-et-craie-grasse tag-mesures-40-cm-sur-80-cm\"><div class=\"entry-thumb\">\t<a href=\"https:\/\/erey.fr\/en\/essai\/\"><img width=\"4506\" height=\"2181\" src=\"https:\/\/erey.fr\/wp-content\/uploads\/2018\/08\/Peinture-Remord-travaill\u00e9.jpg\" class=\"attachment-full size-full wp-post-image\" alt=\"\" loading=\"lazy\" srcset=\"https:\/\/erey.fr\/wp-content\/uploads\/2018\/08\/Peinture-Remord-travaill\u00e9.jpg 4506w, https:\/\/erey.fr\/wp-content\/uploads\/2018\/08\/Peinture-Remord-travaill\u00e9-300x145.jpg 300w, https:\/\/erey.fr\/wp-content\/uploads\/2018\/08\/Peinture-Remord-travaill\u00e9-768x372.jpg 768w, https:\/\/erey.fr\/wp-content\/uploads\/2018\/08\/Peinture-Remord-travaill\u00e9-1024x496.jpg 1024w, https:\/\/erey.fr\/wp-content\/uploads\/2018\/08\/Peinture-Remord-travaill\u00e9-600x290.jpg 600w\" sizes=\"(max-width: 4506px) 100vw, 4506px\" \/><\/a>\t<div class=\"entry-format hidden\">\t\t<a class=\"ico-format\" href=\"\"><\/a>\t<\/div><\/div><div class=\"entry-details\">\t<div class=\"entry-meta\">\t\t<div class=\"date\">Posted on 05 May 2018\t\t<\/div>\t\t<div class=\"comments\">\/ <a class=\"comments\" href=\"https:\/\/erey.fr\/en\/essai\/\/#respond\">\t<i class=\"pe-icon pe-chat\"><\/i> 0  Comments<\/a>\t\t<\/div>\t\t<div class=\"author\">\t\t\t\/ <i class=\"pe-icon pe-user\"> <\/i>\t\t\t<a href=\"https:\/\/erey.fr\/en\/author\/admin\/\">admin<\/a>\t\t<\/div>\t<\/div>\t<div class=\"entry-title\">\t\t<h4><a href=\"https:\/\/erey.fr\/en\/essai\/\">Nouvelles Peintures<\/a><\/h4>\t<\/div><div class=\"entry-body\"><\/div>\t<div class=\"entry-meta-data\"><p class=\"tags\">\t<i class=\"pe-icon pe-ticket\"> <\/i><a href=\"https:\/\/erey.fr\/en\/tag\/acrylique-sur-toile-avec-pigments-et-craie-grasse\/\">Acrylique sur toile avec pigments et craie grasse<\/a>, <a href=\"https:\/\/erey.fr\/en\/tag\/mesures-40-cm-sur-80-cm\/\">Mesures: 40 cm sur 80 cm<\/a><\/p><p class=\"category\">\t<i class=\"pe-icon pe-network\"> <\/i><a href=\"https:\/\/erey.fr\/en\/category\/sketch\/\">sketch<\/a><\/p>\t<\/div><a href=\"https:\/\/erey.fr\/en\/essai\/\" target='_self' title='' class='dt-sc-button   small icon-right with-icon  filled  type1' > Lire la suite <span class='fa fa-long-arrow-right'> <\/span><\/a><\/div><\/article><\/div><\/div><\/div><\/div><\/div><\/div>","protected":false},"excerpt":{"rendered":"Nouvelles R\u00e9alisations &nbsp;","protected":false},"author":1,"featured_media":0,"parent":0,"menu_order":0,"comment_status":"closed","ping_status":"closed","template":"","meta":[],"_links":{"self":[{"href":"https:\/\/erey.fr\/en\/wp-json\/wp\/v2\/pages\/14769"}],"collection":[{"href":"https:\/\/erey.fr\/en\/wp-json\/wp\/v2\/pages"}],"about":[{"href":"https:\/\/erey.fr\/en\/wp-json\/wp\/v2\/types\/page"}],"author":[{"embeddable":true,"href":"https:\/\/erey.fr\/en\/wp-json\/wp\/v2\/users\/1"}],"replies":[{"embeddable":true,"href":"https:\/\/erey.fr\/en\/wp-json\/wp\/v2\/comments?post=14769"}],"version-history":[{"count":48,"href":"https:\/\/erey.fr\/en\/wp-json\/wp\/v2\/pages\/14769\/revisions"}],"predecessor-version":[{"id":15382,"href":"https:\/\/erey.fr\/en\/wp-json\/wp\/v2\/pages\/14769\/revisions\/15382"}],"wp:attachment":[{"href":"https:\/\/erey.fr\/en\/wp-json\/wp\/v2\/media?parent=14769"}],"curies":[{"name":"wp","href":"https:\/\/api.w.org\/{rel}","templated":true}]}}

<div class="vc_row wpb_row vc_row-fluid"><div class="wpb_column vc_column_container vc_col-sm-12"><div class="vc_column-inner"><div class="wpb_wrapper">
	<div class="wpb_text_column wpb_content_element  aligncenter" >
		<div class="wpb_wrapper">
			<p style="text-align: center;"><div class='dt-sc-title with-two-border'><h2>EREY-Artiste Peintre</h2></div>

		</div>
	</div>
<h3 style="text-align: center" class="vc_custom_heading wpb_animate_when_almost_visible wpb_fadeInUp fadeInUp">"L’univers et la force d’un petit tableau peut bouleverser une vie."<br />
</h3><h3 style="text-align: left" class="vc_custom_heading wpb_animate_when_almost_visible wpb_fadeIn fadeIn">With my sensibilities and my imagination, I created a universe. When I paint a canvas, there is always another dimension, it's like I was not alone to achieve. There is a very spiritual aspect in my relationship to my creations.</p>
<p>Je réalise mes croquis à l’aquarelle, seuls un ou deux croquis sur une vingtaine deviennent mes modèles que j’adapte au calibre de la toile. Il m’arrive aussi de créer une toile sans esquisse, c’est le cas pour le tableau « La femme Hydre » que j’ai peint sans modèle.</p>
<p>Je recherche dans la création l’équilibre entre les énergies que révèlent les couleurs et les formes qui je l’espère apportent une certaine poésie.</h3><div class='dt-sc-hr-invisible-medium'> </div></div></div></div></div><div class="vc_row wpb_row vc_row-fluid aligncenter vc_row-o-content-middle vc_row-flex"><div class="wpb_column vc_column_container vc_col-sm-12"><div class="vc_column-inner"><div class="wpb_wrapper"><div class='dt-sc-title with-two-border aligncenter'><h2>Recent Post</h2></div><div class='tpl-blog-holder apply-isotope'><div class='column dt-sc-one-third first'><article id="post-15405" class="blog-entry  format-standard post-15405 post type-post status-publish hentry category-photography tag-exposition-du-25-juillet-2020-au-14-aout-2020"><div class="entry-details">	<div class="entry-meta">		<div class="date">Posted on 01 Aug 2020		</div>		<div class="comments">/ <a class="comments" href="https://erey.fr/en/vernissage-a-barbizon//#respond">	<i class="pe-icon pe-chat"></i> 0  Comments</a>		</div>		<div class="author">			/ <i class="pe-icon pe-user"> </i>			<a href="https://erey.fr/en/author/admin/">admin</a>		</div>	</div>	<div class="entry-title">		<h4><a href="https://erey.fr/en/vernissage-a-barbizon/">VERNISSAGE à BARBIZON</a></h4>	</div><div class="entry-body"></div>	<div class="entry-meta-data"><p class="tags">	<i class="pe-icon pe-ticket"> </i><a href="https://erey.fr/en/tag/exposition-du-25-juillet-2020-au-14-aout-2020/">Exposition du 25 juillet 2020 au 14 août 2020</a></p><p class="category">	<i class="pe-icon pe-network"> </i><a href="https://erey.fr/en/category/photography/">photography</a></p>	</div><a href="https://erey.fr/en/vernissage-a-barbizon/" target='_self' title='' class='dt-sc-button   small icon-right with-icon  filled  type1' > Lire la suite <span class='fa fa-long-arrow-right'> </span></a></div></article></div><div class='column dt-sc-one-third'><article id="post-15374" class="blog-entry  format-standard post-15374 post type-post status-publish has-post-thumbnail hentry category-painting tag-acrylique-sur-toile-de-jute-et-pigments"><div class="entry-thumb">	<a href="https://erey.fr/en/le-violet-sinvite/"><img width="2875" height="2901" src="https://erey.fr/wp-content/uploads/2018/08/Le-violet-sinvite.jpg" class="attachment-full size-full wp-post-image" alt="" loading="lazy" srcset="https://erey.fr/wp-content/uploads/2018/08/Le-violet-sinvite.jpg 2875w, https://erey.fr/wp-content/uploads/2018/08/Le-violet-sinvite-150x150.jpg 150w, https://erey.fr/wp-content/uploads/2018/08/Le-violet-sinvite-297x300.jpg 297w, https://erey.fr/wp-content/uploads/2018/08/Le-violet-sinvite-768x775.jpg 768w, https://erey.fr/wp-content/uploads/2018/08/Le-violet-sinvite-1015x1024.jpg 1015w, https://erey.fr/wp-content/uploads/2018/08/Le-violet-sinvite-600x605.jpg 600w, https://erey.fr/wp-content/uploads/2018/08/Le-violet-sinvite-100x100.jpg 100w" sizes="(max-width: 2875px) 100vw, 2875px" /></a>	<div class="entry-format hidden">		<a class="ico-format" href=""></a>	</div></div><div class="entry-details">	<div class="entry-meta">		<div class="date">Posted on 06 Aug 2018		</div>		<div class="comments">/ <a class="comments" href="https://erey.fr/en/le-violet-sinvite//#respond">	<i class="pe-icon pe-chat"></i> 0  Comments</a>		</div>		<div class="author">			/ <i class="pe-icon pe-user"> </i>			<a href="https://erey.fr/en/author/admin/">admin</a>		</div>	</div>	<div class="entry-title">		<h4><a href="https://erey.fr/en/le-violet-sinvite/">Le Violet s&rsquo;invite</a></h4>	</div><div class="entry-body"><p> J&rsquo;ai le désir de faire sortir les formes organiques du fond défini pour qu&rsquo;elles s&rsquo;offrent la liberté du mouvement. Une nouvelle couleur s&rsquo;invite l’Améthyste, elle apporte clarté d&rsquo;esprit. Est-ce que la sagesse n&rsquo;est pas de sortir du cadre établi...</p></div>	<div class="entry-meta-data"><p class="tags">	<i class="pe-icon pe-ticket"> </i><a href="https://erey.fr/en/tag/acrylique-sur-toile-de-jute-et-pigments/">Acrylique sur toile de jute et pigments</a></p><p class="category">	<i class="pe-icon pe-network"> </i><a href="https://erey.fr/en/category/painting/">painting</a></p>	</div><a href="https://erey.fr/en/le-violet-sinvite/" target='_self' title='' class='dt-sc-button   small icon-right with-icon  filled  type1' > Lire la suite <span class='fa fa-long-arrow-right'> </span></a></div></article></div><div class='column dt-sc-one-third'><article id="post-15228" class="blog-entry  format-standard post-15228 post type-post status-publish has-post-thumbnail hentry category-sketch tag-acrylique-sur-toile-avec-pigments-et-craie-grasse tag-mesures-40-cm-sur-80-cm"><div class="entry-thumb">	<a href="https://erey.fr/en/essai/"><img width="4506" height="2181" src="https://erey.fr/wp-content/uploads/2018/08/Peinture-Remord-travaillé.jpg" class="attachment-full size-full wp-post-image" alt="" loading="lazy" srcset="https://erey.fr/wp-content/uploads/2018/08/Peinture-Remord-travaillé.jpg 4506w, https://erey.fr/wp-content/uploads/2018/08/Peinture-Remord-travaillé-300x145.jpg 300w, https://erey.fr/wp-content/uploads/2018/08/Peinture-Remord-travaillé-768x372.jpg 768w, https://erey.fr/wp-content/uploads/2018/08/Peinture-Remord-travaillé-1024x496.jpg 1024w, https://erey.fr/wp-content/uploads/2018/08/Peinture-Remord-travaillé-600x290.jpg 600w" sizes="(max-width: 4506px) 100vw, 4506px" /></a>	<div class="entry-format hidden">		<a class="ico-format" href=""></a>	</div></div><div class="entry-details">	<div class="entry-meta">		<div class="date">Posted on 05 May 2018		</div>		<div class="comments">/ <a class="comments" href="https://erey.fr/en/essai//#respond">	<i class="pe-icon pe-chat"></i> 0  Comments</a>		</div>		<div class="author">			/ <i class="pe-icon pe-user"> </i>			<a href="https://erey.fr/en/author/admin/">admin</a>		</div>	</div>	<div class="entry-title">		<h4><a href="https://erey.fr/en/essai/">Nouvelles Peintures</a></h4>	</div><div class="entry-body"></div>	<div class="entry-meta-data"><p class="tags">	<i class="pe-icon pe-ticket"> </i><a href="https://erey.fr/en/tag/acrylique-sur-toile-avec-pigments-et-craie-grasse/">Acrylique sur toile avec pigments et craie grasse</a>, <a href="https://erey.fr/en/tag/mesures-40-cm-sur-80-cm/">Mesures: 40 cm sur 80 cm</a></p><p class="category">	<i class="pe-icon pe-network"> </i><a href="https://erey.fr/en/category/sketch/">sketch</a></p>	</div><a href="https://erey.fr/en/essai/" target='_self' title='' class='dt-sc-button   small icon-right with-icon  filled  type1' > Lire la suite <span class='fa fa-long-arrow-right'> </span></a></div></article></div></div></div></div></div></div>

Nouvelles Réalisations &nbsp;
